Let h(k) = k**2 - 6*k - 14. List the prime factors of h(o).
2, 13
Suppose 0 = -b - 2*p + 9 + 25, -102 = -3*b + 4*p. Let j = -20 + b. List the prime factors of j.
2, 7
Let t(a) = -a**2 + 26*a + 74 - 26*a. Let d be t(0). Suppose 61 = 5*y - d. List the prime factors of y.
3
Let i(n) = -92*n - 116. What are the prime factors of i(-6)?
2, 109
Let d(x) = 8*x - 1. Let y(l) = -l**2 + 3*l - 1. Let q be ((-2 + 1)/1)/(-1). Let m be y(q). List the prime factors of d(m).
7
What are the prime factors of (22/5)/(-11)*-70?
2, 7
Let v(b) = -b**2 + 8*b - 11. Let m be v(5). Suppose 3*t + 156 = m*n, -2*n + 5*t = 2*n - 148. List the prime factors of n.
2, 3, 7
Let c(g) = -74*g - 60. What are the prime factors of c(-14)?
2, 61
Suppose -3*b = -5*f + 26 - 1, 5 = -b. What are the prime factors of f + 4/(-3) + 1204/12?
101
Let j = 65 - 60. Suppose 267 = 5*h - a, -2*h + 4*h - 96 = -j*a. List the prime factors of h.
53
Suppose -5*l = -4*w + 401, l - 394 = -4*w - l. Suppose 0 = 4*o - 2*o + 2, 2*h + 5*o - w = 0. List the prime factors of h.
2, 13
Suppose -12*q = -16*q + 76. Let n = q - 6. List the prime factors of n.
13
Suppose 5*f - 25 = 0, -19*f + 14*f + 7661 = 4*v. List the prime factors of v.
23, 83
What are the prime factors of (2412/(-10))/((-86)/215)?
3, 67
Let q = -645 + 819. What are the prime factors of q?
2, 3, 29
Let k = 128 + 702. What are the prime factors of k?
2, 5, 83
Suppose -4*p = -130 - 2. Let i be (-22)/p - 8/6. Let n(a) = -5*a - 2. List the prime factors of n(i).
2
Suppose 105 = 26*d - 23*d. Let i = d - 29. List the prime factors of i.
2, 3
Let j be 60/(-8)*(-32)/6. Suppose 10 = -u + j. Let a = 68 - u. List the prime factors of a.
2, 19
Suppose -5*l + 534 + 75 = 3*d, 3*d + 591 = 5*l. Suppose -3*x = 3*q - 120, -3*x + q + 2*q + l = 0. Suppose 0 = -2*z - 0 + x. What are the prime factors of z?
2, 5
Suppose 8*z - 19*z + 374 = 0. What are the prime factors of z?
2, 17
Let n be -2 + (-4)/(-1) - -43. Let m = 71 - n. Suppose -m = -l + 3*s, l + 4*s + 108 = 6*l. What are the prime factors of l?
2, 5
What are the prime factors of ((-2784)/145)/(3/(-80))?
2
Suppose z = -3*w + 1187, 3*w = -8*z + 4*z + 4712. List the prime factors of z.
5, 47
Let u(i) = i**3 - 22*i**2 + 9*i - 55. Let f be u(22). Suppose -2*c = 2*n - 174, 0*n + 4*n + 2*c = 358. Let h = f - n. List the prime factors of h.
3, 17
Let w(q) = -q**3 + 3*q**2 + q - 5. Let j be w(-5). Suppose -3*f = 2*f - j. List the prime factors of f.
2, 19
Let n be ((-11)/33)/((-2)/162). Suppose 3*j - n = -4*k, 0*k - j = 2*k - 11. Suppose -42 = -0*d - k*d. What are the prime factors of d?
2, 7
Let m be (2/3)/(3/9). Let n be 0 + 1 + 0 + m. Suppose -41 = -n*f + 25. What are the prime factors of f?
2, 11
Let r = 26 + -21. Suppose -w = 5*f - 70, -4*w + 31 = r*f - 264. List the prime factors of w.
3, 5
Let k(t) = -2*t + 3. Let c(l) = 2*l - 4. Let h(d) = 4*c(d) + 5*k(d). Let u be h(-4). Suppose 0*q + q = u. What are the prime factors of q?
7
Let j = 45 + -62. Let q = 100 + j. What are the prime factors of q?
83
Suppose 2*b - 9 = -b. Let l be 2 + b/(-1) + 3. Suppose 18 = l*o - 26. List the prime factors of o.
2, 11
Let o = -460 + 1532. What are the prime factors of o?
2, 67
Suppose -i = 2*d - 15, 3*d = 2*i - d - 22. Suppose 0 = -5*w - 2*q + 37 - i, -2*q - 18 = -2*w. What are the prime factors of w?
2, 3
Let p = 18 + -12. Suppose 11*i - p*i - 295 = 0. Let u = i + -37. What are the prime factors of u?
2, 11
Suppose -6*v = -v - 5. Let g = 1 + v. Suppose -g*w = -j - 75, -w - 2*w + 5*j + 116 = 0. What are the prime factors of w?
37
Let f = 9198 - 5698. What are the prime factors of f?
2, 5, 7
Let g(y) = y**2 + 10*y + 23. Let d be g(-7). List the prime factors of 2*((-4)/d)/(24/(-762)).
127
Let m(c) = c**2 + 21*c - 6. Let x be m(-21). List the prime factors of (3 + 30)*(-10)/x.
5, 11
Suppose -593 + 609 = -4*o. Let g be 60 + 4 + (-2)/1. Let k = g - o. List the prime factors of k.
2, 3, 11
Let q(y) = -y**3 - 7*y**2 + 2*y + 8. Let r = -19 - -11. What are the prime factors of q(r)?
2, 7
Let t(p) be the first derivative of -p**4/4 - 4*p**3 + p**2/2 + 17*p + 449. Let x(m) = -4*m**2 + 2*m. Let b be x(2). List the prime factors of t(b).
5
Let n(o) = 2*o**2 + 4. Let m(j) = -2*j**2 + j - 4. Let f(g) = 2*m(g) + 3*n(g). Let c be f(-3). Let x = 25 + c. List the prime factors of x.
41
Let v(r) = 49*r**2 - 9*r + 24. What are the prime factors of v(-7)?
2, 311
Suppose -3*z + 4*v + 14 = -9, -v - 22 = -4*z. Suppose z*d = 2*d + 135. List the prime factors of d.
3, 5
Let n be (11 - 3) + (-3 - -3). Let b be 1/(n/(-2))*-8. Suppose -2*m + 64 = -4*l, -b*m = -l - l - 74. List the prime factors of m.
2, 3, 7
Let h(b) = b**3 - 40*b**2 - 77*b + 109. What are the prime factors of h(42)?
13, 31
Let y(q) = 3*q**2 + 58*q + 47. What are the prime factors of y(-30)?
19, 53
Suppose -23*u + 198 = -14*u. Suppose 90 = -u*r + 23*r. What are the prime factors of r?
2, 3, 5
Suppose 3*m + 5 = 20. Suppose 0 = 2*d - m*s - 35, -3 = s - 2. What are the prime factors of d?
3, 5
Let d be ((-40)/(-70))/(4/42). Suppose -2*a = 4*v - d*a - 892, -5*v + 1142 = 4*a. List the prime factors of v.
2, 113
Suppose 3*f = f + 16. Let o(w) = w**2 - 5*w + 7. Let h be o(f). Let q = h + 23. List the prime factors of q.
2, 3
Let m = 91 + 115. What are the prime factors of m?
2, 103
Let r = -30 + 166. Let i = r + 81. List the prime factors of i.
7, 31
Suppose f - 533 = 379. List the prime factors of f.
2, 3, 19
Let j = -33 - -33. Suppose j*v - 200 = 4*v. What are the prime factors of v/(-8) - 18/72?
2, 3
Let g(q) = -4*q**3 - 10*q**2 - 9*q - 8. What are the prime factors of g(-6)?
2, 5, 11
Let c be (9/(-5))/((-42)/70). Suppose -2*r = 2*w - r - 216, 0 = c*r. What are the prime factors of w?
2, 3
Let f = -5306 + 7437. List the prime factors of f.
2131
What are the prime factors of (-9)/(-27)*(1084 + -1)?
19
Let t be 0/(4/1) + -48 + 1. Let s = t - -62. List the prime factors of s.
3, 5
Suppose 16*v + 8 = 88. Suppose -5*z - 109 = -4*h, -58 = -3*h - 6*z + v*z. What are the prime factors of h?
3, 7
Suppose l - 3 = -3*p - 0*l, 0 = 4*p - 5*l - 4. Suppose -4*j = p - 25. Suppose 2*u = j*u - 124. List the prime factors of u.
31
Let a(y) = -24*y + 23. What are the prime factors of a(-23)?
5, 23
Suppose -8*w + 5760 = 4*b - 4*w, -b + 1420 = -3*w. What are the prime factors of b?
5, 7, 41
Let w(h) = 2*h - 10. Let n be w(9). Suppose n*i - 5*v - 29 = 5*i, -3*i + 3*v + 21 = 0. Suppose i*r = 2*r + 17. List the prime factors of r.
17
Suppose 3*o = 5*z - o - 312, 2*z - 134 = -3*o. What are the prime factors of z?
2
Suppose 3*u = a + 95, 4*u - 5*a = -0*u + 112. Suppose u = 2*t - 53. What are the prime factors of t?
43
Suppose -3*j - 53 = -2*r, 3*j + 0*j = 4*r - 55. Let b = j - -30. Suppose -4*t + 19 = -b. List the prime factors of t.
2
What are the prime factors of 7*2/70 + (-15024)/(-5)?
5, 601
Suppose 13*u = 2049 + 5413. List the prime factors of u.
2, 7, 41
Let b(u) = u**2 - 6*u - 6. Let i be b(8). Let l be (-1)/((-5)/2)*i. Suppose s - 2*s - l*w = 3, 5*s - 15 = -5*w. What are the prime factors of s?
5
Let n(t) = -3 - 2 - t - 1 + 3. Let q be n(4). Let a(p) = p**2 + 3*p - 1. List the prime factors of a(q).
3
Suppose 2*f + f - 78 = 0. Let n = -21 + f. What are the prime factors of n?
5
Let o be (-15)/6*16/(-20). Suppose -o*x + 0*x = -90. Suppose -b - 38 = -4*d, -b + x = 5*d + 2. List the prime factors of d.
3
Let l(w) = -w**3 + 10*w**2 - 3. Let h be l(10). Let k(v) = -v**3 + v**2 + 4*v + 2. What are the prime factors of k(h)?
2, 13
Let d be 325/(-45) + 8/36. Let v(u) = u**2 + u - 3. List the prime factors of v(d).
3, 13
Let v(g) = -g**2 - 18*g + 21. Let a be v(-19). Suppose 4*z - 43 = a*z - 3*p, 5*z - 136 = 2*p. Suppose 0 = -z*h + 21*h + 185. What are the prime factors of h?
37
What are the prime factors of ((-24)/4 + 90/25)*-1700?
2, 3, 5, 17
Let l(n) = -13*n + 2. Suppose -2*w + 3*i - 68 = -4*w, 3*i - 142 = -4*w. Let y = w + -41. List the prime factors of l(y).
2, 3
Let l(x) = -x + 3. Let o be l(0). Let d be (-5 - o)*38/8. Let k = d + 53. List the prime factors of k.
3, 5
What are the prime factors of (3 + (6 - 7))/((-6)/(-903))?
7, 43
Suppose -f - 3*v = 1, -3*v + 4 + 1 = 4*f. Let y = f - -15. List the prime factors of y.
17
List the prime factors of (6 - (-6)/(-1)) + 211.
211
Let y(x) be the third derivative of 0 - 